{"id":6,"date":"2023-06-21T15:25:18","date_gmt":"2023-06-21T13:25:18","guid":{"rendered":"https:\/\/mt.up.krakow.pl\/vii\/?page_id=6"},"modified":"2026-03-04T12:18:49","modified_gmt":"2026-03-04T11:18:49","slug":"glowna","status":"publish","type":"page","link":"https:\/\/mt.uken.krakow.pl\/viii\/","title":{"rendered":"Strona g\u0142\u00f3wna"},"content":{"rendered":"<p>Mamy przyjemno\u015b\u0107 zaprosi\u0107 Pa\u0144stwa do udzia\u0142u w \u00f3smej edycji konferencji <strong>Transgresje Matematyczne<\/strong>, organizowanej przez Katedr\u0119 Dydaktyki Matematyki Instytutu Matematyki Uniwersytetu Komisji Edukacji Narodowej w Krakowie. Konferencja odb\u0119dzie si\u0119 w dniach <strong>17 &#8211; 20 marca 2026 roku<\/strong> i b\u0119dzie mia\u0142a <span style=\"text-decoration: underline\"><strong>formu\u0142\u0119 zdaln\u0105<\/strong><\/span>. <span style=\"color: green\"><strong>Udzia\u0142 w konferencji jest bezp\u0142atny.<\/strong><\/span><\/p>\n<p>Do udzia\u0142u w konferencji zapraszamy dydaktyk\u00f3w i nauczycieli matematyki oraz przedstawicieli dyscyplin naukowych takich jak filozofia, psychologia i pedagogika, kt\u00f3rzy zainteresowani s\u0105 edukacj\u0105 matematyczn\u0105.<\/p>\n<p>W ramach konferencji przewidujemy:<\/p>\n<ul style=\"color: blue\">\n<li><span style=\"color: black\">wyk\u0142ady,<\/span><\/li>\n<li><span style=\"color: black\">referaty,<\/span><\/li>\n<li><span style=\"color: black\">warsztaty oraz <\/span><\/li>\n<li><span style=\"color: black\">dyskusj\u0119 dotycz\u0105c\u0105 podstaw programowych z matematyki dla szk\u00f3\u0142 ponadpodstawowych.<\/span><\/li>\n<\/ul>\n<p>Proponujemy nast\u0119puj\u0105ce obszary tematyczne wyst\u0105pie\u0144:<\/p>\n<ul style=\"color: green\">\n<li><span style=\"color: black\">Realizacja podstawy programowej &#8211; od teorii do praktycznych rozwi\u0105za\u0144,<\/span><\/li>\n<li><span style=\"color: black\">Rola b\u0142\u0119du w nauczaniu i uczeniu si\u0119 matematyki,<\/span><\/li>\n<li><span style=\"color: black\">Nauczanie relacyjne matematyki; dostrzeganie i stosowanie w nauczaniu regularno\u015bci, podobie\u0144stw i analogii,<\/span><\/li>\n<li><span style=\"color: black\">Problemy dydaktyczne zwi\u0105zane z rozumowaniem, argumentacj\u0105 i dowodzeniem.<\/span><\/li>\n<\/ul>\n<p>Zach\u0119camy Pa\u0144stwa do zg\u0142aszania w\u0142asnych propozycji, kt\u00f3re poszerz\u0105 zakres tematyczny obrad.<br \/>\nDo zg\u0142aszania referat\u00f3w zapraszamy przede wszystkim:<\/p>\n<ul style=\"color: purple\">\n<li><span style=\"color: black\">dydaktyk\u00f3w matematyki,<\/span><\/li>\n<li><span style=\"color: black\">nauczycieli matematyki,<\/span><\/li>\n<li><span style=\"color: black\">doradc\u00f3w metodycznych.<\/span><\/li>\n<\/ul>\n<p><span data-contrast=\"auto\"><strong>W programie:<\/strong><\/span><\/p>\n<p><span data-contrast=\"auto\"><strong>17 marca 2026 &#8211;<\/strong> temat dnia: <strong>Edukacja matematyczna w klasach 1-4 szko\u0142y podstawowej<\/strong><\/span><strong>\u00a0<\/strong><\/p>\n<p><strong>19 marca<\/strong> <span data-contrast=\"auto\"><strong> 2026<\/strong><\/span> (godz. 16:00-18:30) &#8211; <strong>sesja laureat\u00f3w konkursu PTM im. prof. A. Z. Krygowskiej na najlepsz\u0105 prac\u0119 studenck\u0105 z dydaktyki matematyki<\/strong>. Sesja odb\u0119dzie si\u0119 stacjonarnie w Audytorium UKEN i b\u0119dzie transmitowana na kanale Youtube IM UKEN.<\/p>\n<p><strong>20 marca 2026<\/strong> (godz. 16:00-18:30) &#8211; <strong>dyskusja panelowa na temat zmian w podstawach programowych z matematyki dla szk\u00f3\u0142 ponadpodstawowych <\/strong>(z udzia\u0142em przedstawicieli zespo\u0142u odpowiedzialnego za tworzenie projekt\u00f3w nowych podstaw)<\/p>\n","protected":false},"excerpt":{"rendered":"<p>Mamy przyjemno\u015b\u0107 zaprosi\u0107 Pa\u0144stwa do udzia\u0142u w \u00f3smej edycji konferencji Transgresje Matematyczne, organizowanej przez Katedr\u0119 Dydaktyki Matematyki Instytutu Matematyki Uniwersytetu&hellip; <\/p>\n","protected":false},"author":2,"featured_media":0,"parent":0,"menu_order":0,"comment_status":"closed","ping_status":"closed","template":"","meta":{"footnotes":""},"class_list":["post-6","page","type-page","status-publish","hentry"],"_links":{"self":[{"href":"https:\/\/mt.uken.krakow.pl\/viii\/wp-json\/wp\/v2\/pages\/6","targetHints":{"allow":["GET"]}}],"collection":[{"href":"https:\/\/mt.uken.krakow.pl\/viii\/wp-json\/wp\/v2\/pages"}],"about":[{"href":"https:\/\/mt.uken.krakow.pl\/viii\/wp-json\/wp\/v2\/types\/page"}],"author":[{"embeddable":true,"href":"https:\/\/mt.uken.krakow.pl\/viii\/wp-json\/wp\/v2\/users\/2"}],"replies":[{"embeddable":true,"href":"https:\/\/mt.uken.krakow.pl\/viii\/wp-json\/wp\/v2\/comments?post=6"}],"version-history":[{"count":50,"href":"https:\/\/mt.uken.krakow.pl\/viii\/wp-json\/wp\/v2\/pages\/6\/revisions"}],"predecessor-version":[{"id":938,"href":"https:\/\/mt.uken.krakow.pl\/viii\/wp-json\/wp\/v2\/pages\/6\/revisions\/938"}],"wp:attachment":[{"href":"https:\/\/mt.uken.krakow.pl\/viii\/wp-json\/wp\/v2\/media?parent=6"}],"curies":[{"name":"wp","href":"https:\/\/api.w.org\/{rel}","templated":true}]}}