{"id":105,"date":"2023-07-27T10:05:25","date_gmt":"2023-07-27T08:05:25","guid":{"rendered":"https:\/\/mt.up.krakow.pl\/vii\/?page_id=105"},"modified":"2026-03-16T23:29:08","modified_gmt":"2026-03-16T22:29:08","slug":"uczestnicy","status":"publish","type":"page","link":"https:\/\/mt.uken.krakow.pl\/viii\/uczestnicy\/","title":{"rendered":"Uczestnicy"},"content":{"rendered":"<p>Lista uczestnik\u00f3w zarejestrowanych jest na bie\u017c\u0105co aktualizowana w okresie przyjmowania zg\u0142osze\u0144 (1.01.2026-13.03.2026).<\/p>\n<ol>\n<li>\n<h6><strong>Agnieszka Bana\u015bkiewicz<\/strong>, IV Liceum Og\u00f3lnokszta\u0142c\u0105ce im. Emilii Sczanieckiej w \u0141odzi<\/h6>\n<\/li>\n<li>\n<h6><strong>Barbara Baran<\/strong>, Szko\u0142a Podstawowa nr 28, Szczecin<\/h6>\n<\/li>\n<li>\n<h6><strong>Barbara Bara\u0144ska<\/strong>, UKEN, Krak\u00f3w<\/h6>\n<\/li>\n<li>\n<h6><strong>Aleksandra Bartoszek<\/strong>, Szko\u0142a Podstawowa nr 126 im. Komisji Edukacji Narodowej w Krakowie<\/h6>\n<\/li>\n<li>\n<h6><strong>Danuta Biczewska<\/strong>, Technikum Komunikacyjne nr 25 w Zespole Szk\u00f3\u0142 nr 1 im. \u015bw. Rafa\u0142a Kalinowskiego, Krak\u00f3w<\/h6>\n<\/li>\n<li>\n<h6><strong>Gabriela Biel<\/strong>, Uniwersytet Przyrodniczy we Wroc\u0142awiu<\/h6>\n<\/li>\n<li>\n<h6><strong>Sandra Branicka<\/strong>, UKEN, Krak\u00f3w<\/h6>\n<\/li>\n<li>\n<h6><strong>Nikola Budnicka<\/strong>, Szko\u0142a Podstawowa nr 47 w Szczecinie<\/h6>\n<\/li>\n<li>\n<h6><strong>Aneta Bura<\/strong>, Szko\u0142a Podstawowa nr 3, \u0141owicz<\/h6>\n<\/li>\n<li>\n<h6><strong>Jacek Bylica<\/strong>, Uniwersytet Jagiello\u0144ski<\/h6>\n<\/li>\n<li>\n<h6><strong>Klaudia Che\u0142mecka<\/strong>, UKEN, Krak\u00f3w<\/h6>\n<\/li>\n<li>\n<h6><strong>Aleksandra Choina<\/strong>, XIX Liceum Og\u00f3lnokszta\u0142c\u0105ce im. Marii i Jerzego Kuncewicz\u00f3w w Lublinie<\/h6>\n<\/li>\n<li>\n<h6><strong>Weronika Cie\u015bli\u0144ska<\/strong>, Uniwersytet Gda\u0144ski<\/h6>\n<\/li>\n<li>\n<h6><strong>Monika Czajkowska<\/strong>, Uniwersytet Jana Kochanowskiego w Kielcach<\/h6>\n<\/li>\n<li>\n<h6><strong>Nikola Cziudaj<\/strong>, Naturalny Wzrost &#8211; Alternatywna szko\u0142a Podstawowa, Niepo\u0142omice<\/h6>\n<\/li>\n<li>\n<h6><strong>Mariola D\u0105bek-Nagacz<\/strong>, CKZiU w Jaworznie<\/h6>\n<\/li>\n<li>\n<h6><strong>Karolina Dubas<\/strong>, X Liceum Og\u00f3lnokszta\u0142c\u0105ce, Krak\u00f3w<\/h6>\n<\/li>\n<li>\n<h6><strong>\u0141ucja Farnik<\/strong>, UKEN, Krak\u00f3w<\/h6>\n<\/li>\n<li>\n<h6><strong>Weronika Figurska-Zi\u0119ba<\/strong>, Niepubliczne Liceum Mental Arts w Gda\u0144sku<\/h6>\n<\/li>\n<li>\n<h6><strong>Marlena Fila<\/strong>, Collegium Da Vinci, Pozna\u0144<\/h6>\n<\/li>\n<li>\n<h6><strong>Kinga Firlit<\/strong>, Szko\u0142a Podstawowa w Trzycierzu, Zesp\u00f3\u0142 Szk\u00f3\u0142 Katolickich w Nowym S\u0105czu<\/h6>\n<\/li>\n<li>\n<h6><strong>Anna Fry\u015b<\/strong>, Niepubliczna Szko\u0142a Podstawowa &#8222;Akademia \u017bak\u00f3w&#8221; w Bielsku-Bia\u0142ej, RODN &#8222;WOM&#8221; w Bielsku-Bia\u0142ej<\/h6>\n<\/li>\n<li>\n<h6><strong>Miros\u0142awa Gajewska<\/strong>, Szko\u0142a G\u0142\u00f3wna Handlowa w Warszawie<\/h6>\n<\/li>\n<li>\n<h6><strong>Izabella Gali\u0144ska<\/strong>, ZSZ Nr 1 w Skierniewicach<\/h6>\n<\/li>\n<li>\n<h6><strong>Katarzyna Gan-Krzywoszy\u0144ska,\u00a0<\/strong>Uniwersytet Adama Mickiewicza w Poznaniu<\/h6>\n<\/li>\n<li>\n<h6><strong>Edyta Garguli\u0144ska<\/strong>, Ma\u0142opolska Uczelnia Pa\u0144stwowa im. rtm. Witolda Pileckiego w O\u015bwi\u0119cimiu<\/h6>\n<\/li>\n<li>\n<h6><strong>Lucyna Grochowska<\/strong>, Szko\u0142a Doktorska &#8211; Federacja Akademii Wojskowych w Gdyni<\/h6>\n<\/li>\n<li>\n<h6><strong>Krzysztof Guzik<\/strong>, Uniwersytet Ekonomiczny w Krakowie<\/h6>\n<\/li>\n<li>\n<h6><strong>Kamil Habrat<\/strong>, Habmat &#8211; korepetytor<\/h6>\n<\/li>\n<li>\n<h6><strong>Dorota Handzlik<\/strong>, V Prywatne Liceum Og\u00f3lnokszta\u0142c\u0105ce, Krak\u00f3w<\/h6>\n<\/li>\n<li>\n<h6><strong>Wiktoria Idec<\/strong>, 27 LO Krak\u00f3w<\/h6>\n<\/li>\n<li>\n<h6><strong>Daria Jachna<\/strong>, I Zesp\u00f3\u0142 Szk\u00f3\u0142 Spo\u0142ecznych STO w S\u0142upsku<\/h6>\n<\/li>\n<li>\n<h6><strong>Iga Jackowska<\/strong>, Uniwersytet Gda\u0144ski, Gda\u0144sk<\/h6>\n<\/li>\n<li>\n<h6><strong>Eliza Jackowska-Boryc<\/strong>, Uniwersytet Marii Curie-Sk\u0142odowskiej w Lublinie<\/h6>\n<\/li>\n<li>\n<h6><strong>Jan Je\u0142owicki<\/strong>, Uniwersytet Przyrodniczy we Wroc\u0142awiu<\/h6>\n<\/li>\n<li>\n<h6><strong>Edyta Juskowiak<\/strong>, Uniwersytet im. Adama Mickiewicza w Poznaniu<\/h6>\n<\/li>\n<li>\n<h6><strong>Marzena Kacprowicz<\/strong>, ZSO nr 1 w Raciborzu<\/h6>\n<\/li>\n<li>\n<h6><strong>Wiktoria Kami\u0144ska<\/strong>, UKEN, Krak\u00f3w<\/h6>\n<\/li>\n<li>\n<h6><strong>Joanna Kandzia<\/strong>, UKSW, Warszawa<\/h6>\n<\/li>\n<li>\n<h6><strong>Janusz Karkut<\/strong>, I\u0142awa<\/h6>\n<\/li>\n<li>\n<h6><strong>Weronika Karnasiewicz<\/strong>, UKEN, Krak\u00f3w<\/h6>\n<\/li>\n<li>\n<h6><strong>Marcin Karpi\u0144ski<\/strong>, Szko\u0142a Edukacji PAFWiUW<\/h6>\n<\/li>\n<li>\n<h6><strong>Agnieszka Kawa<\/strong>, PSP1 Stalowa Wola<\/h6>\n<\/li>\n<li>\n<h6><strong>Barbara Klawitter-Brzezi\u0144ska<\/strong>, Koszalin<\/h6>\n<\/li>\n<li>\n<h6><strong>Irena Konopka<\/strong>, ZSO nr 1 Racib\u00f3rz<\/h6>\n<\/li>\n<li>\n<h6><strong>Agnieszka Kowalska<\/strong>, UKEN, Krak\u00f3w<\/h6>\n<\/li>\n<li>\n<h6><strong>Ireneusz Krech<\/strong>, UKEN, Krak\u00f3w<\/h6>\n<\/li>\n<li>\n<h6><strong>Krzysztof Kr\u00f3l<\/strong>, Politechnika Krakowska im. Tadeusza Ko\u015bciuszki<\/h6>\n<\/li>\n<li>\n<h6><strong>Katarzyna Kruk-Babik<\/strong>, Zesp\u00f3\u0142 Szk\u00f3\u0142 Centrum Kszta\u0142cenia Rolniczego w Oleszycach<\/h6>\n<\/li>\n<li>\n<h6><strong>Sebastian Krupa<\/strong>, UKEN, Krak\u00f3w<\/h6>\n<\/li>\n<li>\n<h6><strong>Wiktoria Kryzel<\/strong>, Uniwersytet Gda\u0144ski<\/h6>\n<\/li>\n<li>\n<h6><strong>Ewa Kubara<\/strong>, IV Liceum Og\u00f3lnokszta\u0142c\u0105ce w Cz\u0119stochowie<\/h6>\n<\/li>\n<li>\n<h6><strong>Szymon Kukio\u0142a<\/strong>, Szko\u0142a Podstawowa nr 3 im. Juliusza S\u0142owackiego w Czechowicach-Dziedzicach<\/h6>\n<\/li>\n<li>\n<h6><strong>Andrzej Kukla<\/strong>, Odrabiamy.pl, Krak\u00f3w<\/h6>\n<\/li>\n<li>\n<h6><strong>Hanna Kuzyszyn<\/strong>, Zesp\u00f3\u0142 Szk\u00f3\u0142 Ponadpodstawowych w Wodzis\u0142awiu \u015al\u0105skim<\/h6>\n<\/li>\n<li>\n<h6><strong>Julia Kwa\u015bniewska<\/strong>, Uniwersytet Gda\u0144ski<\/h6>\n<\/li>\n<li>\n<h6><strong>Monika Licheniak<\/strong>, Szko\u0142a Podstawowa nr 1 w Witkowie<\/h6>\n<\/li>\n<li>\n<h6><strong>Katarzyna \u0141ysek<\/strong>, Szko\u0142a Podstawowa im. \u015bw. Kingi w Podstolicach<\/h6>\n<\/li>\n<li>\n<h6><strong>Bo\u017cena Maj-Tatsis<\/strong>, Uniwersytet Rzeszowski<\/h6>\n<\/li>\n<li>\n<h6><strong>Justyna Makowska<\/strong>, Uniwersytet w Bia\u0142ymstoku<\/h6>\n<\/li>\n<li>\n<h6><strong>Marcin Makowski<\/strong>, <span data-sheets-root=\"1\">Uniwersytet w Bia\u0142ymstoku<\/span><\/h6>\n<\/li>\n<li>\n<h6><strong>Agata Markowicz-Nar\u0119kiewicz<\/strong>, Szko\u0142a Podstawowa nr 2 im. Henryka Sienkiewicza w Goleniowie<\/h6>\n<\/li>\n<li>\n<h6><strong>Barbara Michalak<\/strong>, Bednarska Szko\u0142a Podstawowa, Warszawa<\/h6>\n<\/li>\n<li>\n<h6><strong>Magdalena Molik<\/strong>, Szko\u0142a Podstawowa nr 20, Gorz\u00f3w<\/h6>\n<\/li>\n<li>\n<h6><strong>Adam Mroczkowski<\/strong>, Uniwersytet Kazimierza Wielkiego w Bydgoszczy<\/h6>\n<\/li>\n<li>\n<h6><strong>Karolina Mroczy\u0144ska<\/strong>, Uniwersytet Kazimierza Wielkiego w Bydgoszczy<\/h6>\n<\/li>\n<li>\n<h6><strong>El\u017cbieta Mro\u017cek<\/strong>, Uniwersytet Gda\u0144ski, Gda\u0144sk<\/h6>\n<\/li>\n<li>\n<h6><strong>Monika Nag\u00f3rko<\/strong>, Liceum Life Skills, Warszawa<\/h6>\n<\/li>\n<li>\n<h6><strong>Barbara Nawolska<\/strong>, UKEN, Krak\u00f3w<\/h6>\n<\/li>\n<li>\n<h6><strong>Zuzanna Nawrocka<\/strong>, Uniwersytet Kazimierza Wielkiego w Bydgoszczy<\/h6>\n<\/li>\n<li>\n<h6><strong>Natalia Niemczyk<\/strong>, UKEN, Krak\u00f3w<\/h6>\n<\/li>\n<li>\n<h6><strong>Patrycja Olszowy<\/strong>, Radom<\/h6>\n<\/li>\n<li>\n<h6><strong>Agnieszka Orda<\/strong>, XII Liceum Og\u00f3lnokszta\u0142c\u0105ce w Krakowie<\/h6>\n<\/li>\n<li>\n<h6><strong>Bronis\u0142aw Pabich<\/strong>, XX LO w Krakowie i WSNPed w Waszawie<\/h6>\n<\/li>\n<li>\n<h6><strong>Antoni Parda\u0142a<\/strong>, Uniwersytet Rzeszowski<\/h6>\n<\/li>\n<li>\n<h6><strong>Sylwia Pater<\/strong>, XII Liceum Og\u00f3lnokszta\u0142c\u0105ce im. Cypriana Kamila Norwida, Krak\u00f3w<\/h6>\n<\/li>\n<li>\n<h6><strong>Agnieszka Perczak<\/strong>, RODN &#8222;WOM&#8221;, Cz\u0119stochowa<\/h6>\n<\/li>\n<li>\n<h6><strong>Pawe\u0142 Perekietka<\/strong>, Zak\u0142ady K\u00f3rnickie<\/h6>\n<\/li>\n<li>\n<h6><strong>Gabriela Pi\u0119ta<\/strong>, XII Liceum Og\u00f3lnokszta\u0142c\u0105ce, Krak\u00f3w<\/h6>\n<\/li>\n<li>\n<h6><strong>Tomasz Pintal<\/strong>, Matma jakiej nie znasz<\/h6>\n<\/li>\n<li>\n<h6><strong>Natalia Po\u015bpiech<\/strong>, Akademia Nauk Stosowanych w Raciborzu<\/h6>\n<\/li>\n<li>\n<h6><strong>Pawe\u0142 Prysak<\/strong>, Uniwersytet Ekonomiczny w Krakowie<\/h6>\n<\/li>\n<li>\n<h6><strong>Halina Pulchny<\/strong>, Ma\u0142opolskie Centrum Doskonalenia Nauczycieli O\u015brodek w Krakowie<\/h6>\n<\/li>\n<li>\n<h6><strong>Marta Pytlak<\/strong>, Uniwersytet Rzeszowski<\/h6>\n<\/li>\n<li>\n<h6><strong>Oliwia Pytlik<\/strong>, Akademia Nauk Stosowanych w Raciborzu<\/h6>\n<\/li>\n<li>\n<h6><strong>Anna Pyzara<\/strong>, Uniwersytet Marii Curie-Sk\u0142odowskiej, Lublin<\/h6>\n<\/li>\n<li>\n<h6><strong>Magdalena Rataj<\/strong>, I LO im. J. S\u0142owackiego w Cz\u0119stochowie<\/h6>\n<\/li>\n<li>\n<h6><strong>Piotr Rem\u017ca<\/strong>, Uniwersytet w Bia\u0142ymstoku<\/h6>\n<\/li>\n<li>\n<h6><strong>Bo\u017cena Ro\u017cek<\/strong>, UKEN, Krak\u00f3w<\/h6>\n<\/li>\n<li>\n<h6><strong>Anna Ry\u0144ska<\/strong>, Uniwersytet Gda\u0144ski<\/h6>\n<\/li>\n<li>\n<h6><strong>Miros\u0142awa Sajka<\/strong>, UKEN, Krak\u00f3w<\/h6>\n<\/li>\n<li>\n<h6><strong>Agnieszka Schwenk<\/strong>, Zakopane<\/h6>\n<\/li>\n<li>\n<h6><strong>Emilia S\u0119dzielarz<\/strong>, UKEN, Krak\u00f3w<\/h6>\n<\/li>\n<li>\n<h6><strong>Paulina Skrzypek<\/strong>, PSP Leonardo, Wroc\u0142aw<\/h6>\n<\/li>\n<li>\n<h6><strong>Dorota Smolis<\/strong>, Uniwersytet Przyrodniczy we Wroc\u0142awiu<\/h6>\n<\/li>\n<li>\n<h6><strong>\u0141ukasz Solarz<\/strong>, odrabiamy.pl<\/h6>\n<\/li>\n<li>\n<h6><strong>Monika Stachowska<\/strong>, Szko\u0142a Podstawowa nr 47 w Szczecinie<\/h6>\n<\/li>\n<li>\n<h6><strong>Halina Syguda<\/strong>, Szko\u0142a Podstawowa nr 47 w Szczecinie<\/h6>\n<\/li>\n<li>\n<h6><strong>Maria Syta<\/strong>, RODN&#8221;WOM&#8221; Katowice<\/h6>\n<\/li>\n<li>\n<h6><strong>Tomasz Szwed<\/strong>, Akademia Nauk Stosowanych w Raciborzu<\/h6>\n<\/li>\n<li>\n<h6><strong>Joanna \u015awiercz<\/strong>, Uniwersytet Opolski<\/h6>\n<\/li>\n<li>\n<h6><strong>Agata \u015awiniarska<\/strong>, ZSO, Bobowa<\/h6>\n<\/li>\n<li>\n<h6><strong>Stefan \u015awistak<\/strong>, Zesp\u00f3\u0142 Szk\u00f3\u0142 nr 7, Krak\u00f3w<\/h6>\n<\/li>\n<li>\n<h6><strong>Filip Tasarz<\/strong>, UKEN, Krak\u00f3w<\/h6>\n<\/li>\n<li>\n<h6><strong>Paulina Tumidajewicz<\/strong>, UKEN, Krak\u00f3w<\/h6>\n<\/li>\n<li>\n<h6><strong>Grzegorz Urbanek<\/strong>, Zesp\u00f3\u0142 Szk\u00f3\u0142 Publicznych w Rymanowie<\/h6>\n<\/li>\n<li>\n<h6><strong>El\u017cbieta Urba\u0144ska<\/strong>, UKEN, Krak\u00f3w<\/h6>\n<\/li>\n<li>\n<h6><strong>Zuzanna Walczak<\/strong>, Uniwersytet SWPS<\/h6>\n<\/li>\n<li>\n<h6><strong>Natalia Walkowska<\/strong>, Zesp\u00f3\u0142 Szk\u00f3\u0142 Specjalnych w Kowan\u00f3wku<\/h6>\n<\/li>\n<li>\n<h6><strong>Maja Wenderlich<\/strong>, Akademia Pedagogiki Specjalnej, Warszawa<\/h6>\n<\/li>\n<li>\n<h6><strong>Agnieszka Wera<\/strong>, II Liceum Og\u00f3lnokszta\u0142c\u0105ce im. gen. W\u0142adys\u0142awa Andersa w Chojnicach<\/h6>\n<\/li>\n<li>\n<h6><strong>Aleksandra Wid\u0142a<\/strong>, UKEN, Krak\u00f3w<\/h6>\n<\/li>\n<li>\n<h6><strong>Maja Wieszczek<\/strong>, XV Liceum Og\u00f3lnokszta\u0142c\u0105ce, Krak\u00f3w<\/h6>\n<\/li>\n<li>\n<h6><strong>Ramona Wiora<\/strong>, ZSP im. K. Makuszy\u0144skiego w Kalei, WOM Cz\u0119stochowa<\/h6>\n<\/li>\n<li>\n<h6><strong>Magdalena Wi\u015bniewska<\/strong>, SP ZNP \u0141\u00f3d\u017a<\/h6>\n<\/li>\n<li>\n<h6><strong>Ma\u0142gorzata Wn\u0119trzak<\/strong>, Uniwersytet Przyrodniczy we Wroc\u0142awiu<\/h6>\n<\/li>\n<li>\n<h6><strong>Tomasz Wr\u00f3bel<\/strong>, Szko\u0142a Podstawowa nr 3 im J. S\u0142owackiego, Czechowice-Dziedzice<\/h6>\n<\/li>\n<li>\n<h6><strong>Szymon Zakrzyk<\/strong>, Odrabiamy.pl, Krak\u00f3w<\/h6>\n<\/li>\n<li>\n<h6><strong>Ma\u0142gorzata Zambrowska<\/strong>, Akademia Pedagogiki Specjalnej, Warszawa<\/h6>\n<\/li>\n<li>\n<h6><strong>Lidia Zar\u0119ba<\/strong>, UKEN, Krak\u00f3w<\/h6>\n<\/li>\n<li>\n<h6><strong>Julia \u017babi\u0144ska<\/strong>, Uniwersytet Gda\u0144ski, Szko\u0142a Podstawowa nr 14 im. ks. Grzegorza Piramowicza w Gda\u0144sku<\/h6>\n<\/li>\n<li>\n<h6><strong>Marcin \u017buchowski<\/strong>, Bydgoszcz<\/h6>\n<\/li>\n<li>\n<h6><strong>Anna \u017bydek<\/strong>, UKEN Krak\u00f3w<\/h6>\n<\/li>\n<li>\n<h6><strong>Julia \u017by\u0142a<\/strong>, Akademia Nauk Stosowanych w Raciborzu<\/h6>\n<\/li>\n<\/ol>\n","protected":false},"excerpt":{"rendered":"<p>Lista uczestnik\u00f3w zarejestrowanych jest na bie\u017c\u0105co aktualizowana w okresie przyjmowania zg\u0142osze\u0144 (1.01.2026-13.03.2026). Agnieszka Bana\u015bkiewicz, IV Liceum Og\u00f3lnokszta\u0142c\u0105ce im. Emilii Sczanieckiej&hellip; <\/p>\n","protected":false},"author":2,"featured_media":0,"parent":0,"menu_order":0,"comment_status":"closed","ping_status":"closed","template":"","meta":{"footnotes":""},"class_list":["post-105","page","type-page","status-publish","hentry"],"_links":{"self":[{"href":"https:\/\/mt.uken.krakow.pl\/viii\/wp-json\/wp\/v2\/pages\/105","targetHints":{"allow":["GET"]}}],"collection":[{"href":"https:\/\/mt.uken.krakow.pl\/viii\/wp-json\/wp\/v2\/pages"}],"about":[{"href":"https:\/\/mt.uken.krakow.pl\/viii\/wp-json\/wp\/v2\/types\/page"}],"author":[{"embeddable":true,"href":"https:\/\/mt.uken.krakow.pl\/viii\/wp-json\/wp\/v2\/users\/2"}],"replies":[{"embeddable":true,"href":"https:\/\/mt.uken.krakow.pl\/viii\/wp-json\/wp\/v2\/comments?post=105"}],"version-history":[{"count":135,"href":"https:\/\/mt.uken.krakow.pl\/viii\/wp-json\/wp\/v2\/pages\/105\/revisions"}],"predecessor-version":[{"id":978,"href":"https:\/\/mt.uken.krakow.pl\/viii\/wp-json\/wp\/v2\/pages\/105\/revisions\/978"}],"wp:attachment":[{"href":"https:\/\/mt.uken.krakow.pl\/viii\/wp-json\/wp\/v2\/media?parent=105"}],"curies":[{"name":"wp","href":"https:\/\/api.w.org\/{rel}","templated":true}]}}