{"id":646,"date":"2025-02-06T09:38:45","date_gmt":"2025-02-06T08:38:45","guid":{"rendered":"https:\/\/mt.uken.krakow.pl\/vii\/?page_id=646"},"modified":"2025-03-10T21:23:54","modified_gmt":"2025-03-10T20:23:54","slug":"formularz-rejestracyjny","status":"publish","type":"page","link":"https:\/\/mt.uken.krakow.pl\/vii\/formularz-rejestracyjny\/","title":{"rendered":"Formularz Rejestracyjny"},"content":{"rendered":"<p><strong>Formularz rejestracyjny<\/strong> ju\u017c nie przyjmuje zg\u0142osze\u0144.<\/p>\n<p><strong>Wa\u017cne terminy:<\/strong><\/p>\n<p><strong>Rejestracja uczestnik\u00f3w bez referatu:<\/strong> termin up\u0142yn\u0105\u0142 28.02.2025<br \/>\n<strong>Op\u0142ata za udzia\u0142 w konferencji:<\/strong> 28.02.2025<\/p>\n","protected":false},"excerpt":{"rendered":"<p>Formularz rejestracyjny ju\u017c nie przyjmuje zg\u0142osze\u0144. Wa\u017cne terminy: Rejestracja uczestnik\u00f3w bez referatu: termin up\u0142yn\u0105\u0142 28.02.2025 Op\u0142ata za udzia\u0142 w konferencji:&hellip; <\/p>\n","protected":false},"author":3,"featured_media":0,"parent":0,"menu_order":0,"comment_status":"closed","ping_status":"closed","template":"","meta":{"footnotes":""},"class_list":["post-646","page","type-page","status-publish","hentry"],"_links":{"self":[{"href":"https:\/\/mt.uken.krakow.pl\/vii\/wp-json\/wp\/v2\/pages\/646","targetHints":{"allow":["GET"]}}],"collection":[{"href":"https:\/\/mt.uken.krakow.pl\/vii\/wp-json\/wp\/v2\/pages"}],"about":[{"href":"https:\/\/mt.uken.krakow.pl\/vii\/wp-json\/wp\/v2\/types\/page"}],"author":[{"embeddable":true,"href":"https:\/\/mt.uken.krakow.pl\/vii\/wp-json\/wp\/v2\/users\/3"}],"replies":[{"embeddable":true,"href":"https:\/\/mt.uken.krakow.pl\/vii\/wp-json\/wp\/v2\/comments?post=646"}],"version-history":[{"count":4,"href":"https:\/\/mt.uken.krakow.pl\/vii\/wp-json\/wp\/v2\/pages\/646\/revisions"}],"predecessor-version":[{"id":774,"href":"https:\/\/mt.uken.krakow.pl\/vii\/wp-json\/wp\/v2\/pages\/646\/revisions\/774"}],"wp:attachment":[{"href":"https:\/\/mt.uken.krakow.pl\/vii\/wp-json\/wp\/v2\/media?parent=646"}],"curies":[{"name":"wp","href":"https:\/\/api.w.org\/{rel}","templated":true}]}}