{"id":205,"date":"2024-02-20T22:29:03","date_gmt":"2024-02-20T21:29:03","guid":{"rendered":"https:\/\/mt.up.krakow.pl\/vii\/?page_id=205"},"modified":"2025-01-02T16:55:24","modified_gmt":"2025-01-02T15:55:24","slug":"organizatorzy","status":"publish","type":"page","link":"https:\/\/mt.uken.krakow.pl\/vii\/organizatorzy\/","title":{"rendered":"Organizatorzy"},"content":{"rendered":"<h2><\/h2>\n<h6><strong>Rada programowa<br \/>\n<\/strong><\/h6>\n<p>dr Barbara Bara\u0144ska, UKEN<\/p>\n<p>dr Lidia Zar\u0119ba, UKEN<\/p>\n<p>dr Marcin Zieli\u0144ski, UKEN<\/p>\n<p>&nbsp;<\/p>\n<h6><strong>Komitet Organizacyjny<br \/>\n<\/strong><\/h6>\n<div id=\"primary\">\n<section id=\"post-136\" class=\"post-136 page type-page status-publish hentry\">\n<article>\n<div class=\"entry-content clearfix\">\n<p>Barbara Bara\u0144ska (barbara.baranska@uken.krakow.pl)<\/p>\n<p>Sandra Branicka<\/p>\n<p>Anna Lelito<\/p>\n<p>Daria Najberg<\/p>\n<p>&nbsp;<\/p>\n<div class=\"entry-content clearfix\">\n<div class=\"x_elementToProof\">\n<h6><strong>Poprzednie edycje<\/strong><\/h6>\n<p><strong>2014 <\/strong><a href=\"https:\/\/ikntm.up.krakow.pl\/\">\u00a0https:\/\/ikntm.up.krakow.pl\/<\/a><\/p>\n<p><strong>2015\u00a0 <\/strong><a href=\"https:\/\/ikntm.up.krakow.pl\/II\/\">https:\/\/ikntm.up.krakow.pl\/II\/<\/a><\/p>\n<p><strong>2017\u00a0 <\/strong><a href=\"https:\/\/ikntm.up.krakow.pl\/III\/\">https:\/\/ikntm.up.krakow.pl\/III\/<\/a><\/p>\n<p><strong>2019\u00a0 <\/strong><a href=\"https:\/\/iscmt.up.krakow.pl\/IV\/\">https:\/\/iscmt.up.krakow.pl\/IV\/<\/a><\/p>\n<p><strong>2023\u00a0 <\/strong><a href=\"https:\/\/iscmt.up.krakow.pl\/V\/\">https:\/\/iscmt.up.krakow.pl\/V\/<\/a><\/p>\n<p><strong>2024\u00a0 <\/strong><a href=\"https:\/\/mt.uken.krakow.pl\/vi\/\">https:\/\/mt.uken.krakow.pl\/vi\/<\/a><strong><br \/>\n<\/strong><\/p>\n<p>&nbsp;<\/p>\n<\/div>\n<\/div>\n<\/div>\n<\/article>\n<\/section>\n<\/div>\n","protected":false},"excerpt":{"rendered":"<p>Rada programowa dr Barbara Bara\u0144ska, UKEN dr Lidia Zar\u0119ba, UKEN dr Marcin Zieli\u0144ski, UKEN &nbsp; Komitet Organizacyjny Barbara Bara\u0144ska (barbara.baranska@uken.krakow.pl)&hellip; <\/p>\n","protected":false},"author":3,"featured_media":0,"parent":0,"menu_order":0,"comment_status":"closed","ping_status":"closed","template":"","meta":{"footnotes":""},"class_list":["post-205","page","type-page","status-publish","hentry"],"_links":{"self":[{"href":"https:\/\/mt.uken.krakow.pl\/vii\/wp-json\/wp\/v2\/pages\/205","targetHints":{"allow":["GET"]}}],"collection":[{"href":"https:\/\/mt.uken.krakow.pl\/vii\/wp-json\/wp\/v2\/pages"}],"about":[{"href":"https:\/\/mt.uken.krakow.pl\/vii\/wp-json\/wp\/v2\/types\/page"}],"author":[{"embeddable":true,"href":"https:\/\/mt.uken.krakow.pl\/vii\/wp-json\/wp\/v2\/users\/3"}],"replies":[{"embeddable":true,"href":"https:\/\/mt.uken.krakow.pl\/vii\/wp-json\/wp\/v2\/comments?post=205"}],"version-history":[{"count":25,"href":"https:\/\/mt.uken.krakow.pl\/vii\/wp-json\/wp\/v2\/pages\/205\/revisions"}],"predecessor-version":[{"id":584,"href":"https:\/\/mt.uken.krakow.pl\/vii\/wp-json\/wp\/v2\/pages\/205\/revisions\/584"}],"wp:attachment":[{"href":"https:\/\/mt.uken.krakow.pl\/vii\/wp-json\/wp\/v2\/media?parent=205"}],"curies":[{"name":"wp","href":"https:\/\/api.w.org\/{rel}","templated":true}]}}