{"id":105,"date":"2023-07-27T10:05:25","date_gmt":"2023-07-27T08:05:25","guid":{"rendered":"https:\/\/mt.up.krakow.pl\/vii\/?page_id=105"},"modified":"2025-03-28T21:14:57","modified_gmt":"2025-03-28T20:14:57","slug":"uczestnicy","status":"publish","type":"page","link":"https:\/\/mt.uken.krakow.pl\/vii\/uczestnicy\/","title":{"rendered":"Uczestnicy"},"content":{"rendered":"<ol>\n<li>\n<h6><strong>Agata Arndt<\/strong>, Szko\u0142a Podstawowa nr 37 w Krakowie<\/h6>\n<\/li>\n<li>\n<h6><strong>Barbara Bara\u0144ska<\/strong>, Uniwersytet Komisji Edukacji Narodowej, Krak\u00f3w<\/h6>\n<\/li>\n<li>\n<h6><strong>Aleksandra Bartoszek<\/strong>, Szko\u0142a Podstawowa nr 126 im. Komisji Edukacji Narodowej w Krakowie<\/h6>\n<\/li>\n<li>\n<h6><strong>Ma\u0142gorzata Bazu\u0142a<\/strong>, Szko\u0142a Podstawowa nr 153 w Krakowie<\/h6>\n<\/li>\n<li>\n<h6><strong>Gra\u017cyna Belska<\/strong>, VII Liceum Og\u00f3lnokszta\u0142c\u0105ce w Krakowie<\/h6>\n<\/li>\n<li>\n<h6><strong>Danuta Biczewska<\/strong>, Technikum Komunikacyjne nr 25 w Zespole Szk\u00f3\u0142 nr 1 im. \u015bw. Rafa\u0142a Kalinowskiego, Krak\u00f3w<\/h6>\n<\/li>\n<li>\n<h6><strong>Gabriela Biel<\/strong>, Uniwersytet Przyrodniczy we Wroc\u0142awiu<\/h6>\n<\/li>\n<li>\n<h6><strong>Grzegorz Bielak<\/strong>, III Spo\u0142eczne Liceum Og\u00f3lnokszta\u0142c\u0105ce w Krakowie<\/h6>\n<\/li>\n<li>\n<h6><strong>Alina B\u0142aszczyk<\/strong>, Technikum Nr 13 w ZSGT w \u0141odzi<\/h6>\n<\/li>\n<li>\n<h6><strong>Teresa Bogacz<\/strong><\/h6>\n<\/li>\n<li>\n<h6><strong>Maciej Borodzik<\/strong>, Uniwersytet Warszawski<\/h6>\n<\/li>\n<li>\n<h6><strong>Sandra Branicka<\/strong>, Uniwersytet Komisji Edukacji Narodowej, Krak\u00f3w<\/h6>\n<\/li>\n<li>\n<h6><strong>Nikola Budnicka<\/strong>, Szko\u0142a Podstawowa nr 47 w Szczecinie<\/h6>\n<\/li>\n<li>\n<h6><strong>Monika Camblong<\/strong>, XXV Liceum Og\u00f3lnokszta\u0142c\u0105ce w Krakowie<\/h6>\n<\/li>\n<li>\n<h6><strong>Jacek Chmieli\u0144ski<\/strong>, Uniwersytet Komisji Edukacji Narodowej, Krak\u00f3w<\/h6>\n<\/li>\n<li>\n<h6><strong>Teresa Chmiest<\/strong>, Liceum Og\u00f3lnokszta\u0142c\u0105ce<\/h6>\n<\/li>\n<li>\n<h6><strong>Natalia Cie\u015blar<\/strong>, Uniwersytet \u015al\u0105ski<\/h6>\n<\/li>\n<li>\n<h6><strong>Marianna Ciosek<\/strong>, Uniwersytet Komisji Edukacji Narodowej (em.), Krak\u00f3w<\/h6>\n<\/li>\n<li>\n<h6><strong>Nikola Cziudaj<\/strong>, Odrabiamy.pl, Krak\u00f3w<\/h6>\n<\/li>\n<li>\n<h6><b>Alicja D\u0105browska<\/b>,Uniwersytet im. Adama Mickiewicza w Poznaniu<\/h6>\n<\/li>\n<li>\n<h6><strong>Anita Domaga\u0142a<\/strong>, Szko\u0142a Podstawowa nr 37 w Krakowie<\/h6>\n<\/li>\n<li>\n<h6><strong>Karolina Dubas<\/strong>, Uniwersytet Komisji Edukacji Narodowej, Krak\u00f3w<\/h6>\n<\/li>\n<li>\n<h6><strong>Adam Duda<\/strong>, Zesp\u00f3\u0142 Szk\u00f3\u0142 nr 1 w Krakowie \u015bw. Rafa\u0142a Kalinowskiego<\/h6>\n<\/li>\n<li>\n<h6><strong>Tomasz Dudek<\/strong>, Uniwersytet Jagiello\u0144ski<\/h6>\n<\/li>\n<li>\n<h6><strong>Iwona Duszkiewicz<\/strong>, Zesp\u00f3\u0142 Szk\u00f3\u0142 Nr 1 im. \u015aw. Rafa\u0142a Kalinowskiego w Krakowie<\/h6>\n<\/li>\n<li>\n<h6><strong>\u0141ucja Farnik<\/strong>, Uniwersytet Komisji Edukacji Narodowej, Krak\u00f3w<\/h6>\n<\/li>\n<li>\n<h6><strong>Dagmara Gluch<\/strong>, Uniwersytet Wroc\u0142awski<\/h6>\n<\/li>\n<li>\n<h6><strong>Lucyna Grochowska<\/strong>, Szko\u0142a Doktorska Federacji Akademii Wojskowych w Gdyni<\/h6>\n<\/li>\n<li>\n<h6><strong>Karolina Gurgul<\/strong>, Wiedzomat<\/h6>\n<\/li>\n<li>\n<h6><strong>Marzena Gzyl<\/strong>, VII Liceum Og\u00f3lnokszta\u0142c\u0105ce w Krakowie<\/h6>\n<\/li>\n<li>\n<h6><strong>Kamil Habrat<\/strong>, XLIV Liceum Og\u00f3lnokszta\u0142c\u0105ce im. ks. Stanis\u0142awa Konarskiego, Krak\u00f3w<\/h6>\n<\/li>\n<li>\n<h6><strong>Ewelina Holender<\/strong>, Szko\u0142a Podstawowa nr 95 w Krakowie<\/h6>\n<\/li>\n<li>\n<h6><strong>Jan Je\u0142owicki<\/strong>, Uniwersytet Przyrodniczy we Wroc\u0142awiu<\/h6>\n<\/li>\n<li>\n<h6><strong>Julia J\u00f3zefczyk<\/strong>, KOSTKA Publiczne Liceum Og\u00f3lnokszta\u0142c\u0105ce Jezuit\u00f3w im. \u015bw. Stanis\u0142awa Kostki w Krakowie<\/h6>\n<\/li>\n<li>\n<h6><strong>Agata Jugowiec<\/strong>, Szko\u0142a Podstawowa nr 1 w Tokarni<\/h6>\n<\/li>\n<li>\n<h6><strong>Andrzej Jureczko<\/strong>, Technikum nr 4 w Zawierciu, Liceum Og\u00f3lnokszta\u0142c\u0105ce w Por\u0119bie<\/h6>\n<\/li>\n<li>\n<h6><strong>Edyta Juskowiak<\/strong>, Uniwersytet im. Adama Mickiewicza w Poznaniu<\/h6>\n<\/li>\n<li>\n<h6><strong>Anna Kaciczak-Domaga\u0142a<\/strong>,\u00a0Zesp\u00f3\u0142 Szk\u00f3\u0142 Ponadpodstawowych im. in\u017c. J\u00f3zefa Marka, Mszana Dolna<\/h6>\n<\/li>\n<li>\n<h6><strong>Joanna Kafel-Szyma\u0144ska<\/strong>, Zesp\u00f3\u0142 Szk\u00f3\u0142 Zawodowych nr 1 w Brzegu<\/h6>\n<\/li>\n<li>\n<h6><strong>Magdalena Kalinowska-Murzyn<\/strong>, Szko\u0142a Podstawowa nr 4 w Andrychowie<\/h6>\n<\/li>\n<li>\n<h6><strong>Anna Kanafa<\/strong>, <span class=\"x193iq5w xeuugli x13faqbe x1vvkbs x1xmvt09 x1lliihq x1s928wv xhkezso x1gmr53x x1cpjm7i x1fgarty x1943h6x xudqn12 x3x7a5m x6prxxf xvq8zen xo1l8bm xzsf02u\" dir=\"auto\">Zesp\u00f3\u0142 Szk\u00f3\u0142 Elektryczno-Elektronicznych w Radomsku <\/span><\/h6>\n<\/li>\n<li>\n<h6><strong>Magdalena Kapustka<\/strong>, Liceum Og\u00f3lnokszta\u0142c\u0105ce z Oddzia\u0142em Dwuj\u0119zycznym im. Piotra Micha\u0142owskiego TSSP<\/h6>\n<\/li>\n<li>\n<h6><b>Weronika Karnasiewicz<\/b>,Uniwersytet Komisji Edukacji Narodowej, Krak\u00f3w<\/h6>\n<\/li>\n<li>\n<h6><strong>Marcin Karpi\u0144ski<\/strong>, Szko\u0142a Edukacji Polsko-Ameryka\u0144skiej Fundacji Wolno\u015bci i Uniwersytetu Warszawskiego<\/h6>\n<\/li>\n<li>\n<h6><strong>Marcin K\u0119dzierski<\/strong>, Zesp\u00f3\u0142 Szk\u00f3\u0142 Przyrodniczo-Technicznych Centrum Kszta\u0142cenia Ustawicznego w Bojanowie<\/h6>\n<\/li>\n<li>\n<h6><strong>Marcin Kokowski<\/strong>, Saska Szko\u0142a Realna<\/h6>\n<\/li>\n<li>\n<h6><strong>Jan Koro\u0144ski<\/strong>, Politechnika Krakowska<\/h6>\n<\/li>\n<li>\n<h6><strong>Sylwia Korzon<\/strong>, Uniwersytet \u015al\u0105ski w Katowicach<\/h6>\n<\/li>\n<li>\n<h6><strong>Katarzyna Kot<\/strong><\/h6>\n<\/li>\n<li>\n<h6><strong>Beata Kotarba<\/strong>, Szko\u0142a Edukacji Polsko-Ameryka\u0144skiej Fundacji Wolno\u015bci i Uniwersytetu Warszawskiego<\/h6>\n<\/li>\n<li>\n<h6><strong>Grzegorz Kowalczyk<\/strong>, Szko\u0142a Podstawowa nr 8 im. Jana Paw\u0142a II z Oddzia\u0142ami Dwuj\u0119zycznymi i Sportowymi w Policach<\/h6>\n<\/li>\n<li>\n<h6><strong>Agnieszka Kowalska<\/strong>, Uniwersytet Komisji Edukacji Narodowej, Krak\u00f3w<\/h6>\n<\/li>\n<li>\n<h6><strong>Jaros\u0142aw Kowalski<\/strong>,Uniwersytet Jana D\u0142ugosza w Cz\u0119stochowie<\/h6>\n<\/li>\n<li>\n<h6><strong>Aleksandra Kr\u00f3l-Nowak<\/strong>, Akademia G\u00f3rniczo-Hutnicza<\/h6>\n<\/li>\n<li>\n<h6><strong>Katarzyna Kruk-Babik<\/strong>, Zesp\u00f3\u0142 Szk\u00f3\u0142 Centrum Kszta\u0142cenia Rolniczego w Oleszycach<\/h6>\n<\/li>\n<li>\n<h6><strong>Jadwiga Kubat<\/strong><\/h6>\n<\/li>\n<li>\n<h6><strong>Szymon Kukio\u0142a<\/strong>, Szko\u0142a Podstawowa nr 3 w Czechowicach-Dziedzicach<\/h6>\n<\/li>\n<li>\n<h6><strong>Marek Legutko<\/strong>, Stowarzyszenie Nauczycieli Matematyki<\/h6>\n<\/li>\n<li>\n<h6><strong>Anna Lelito<\/strong>, Uniwersytet Komisji Edukacji Narodowej, Krak\u00f3w<\/h6>\n<\/li>\n<li>\n<h6><strong>Urszula \u0141achut<\/strong>, Liceum Og\u00f3lnokszta\u0142c\u0105ce nr XXVII im. dr. H. Jordana w Krakowie, Kolegium Europejskie, Krak\u00f3w<\/h6>\n<\/li>\n<li>\n<h6><strong>Barbara Michalak<\/strong>, Szko\u0142a Podstawowa nr 9 STO, Warszawa<\/h6>\n<\/li>\n<li>\n<h6><strong>Dagmara Micho\u0144<\/strong>, VII Liceum Og\u00f3lnokszta\u0142c\u0105ce w Krakowie<\/h6>\n<\/li>\n<li>\n<h6><strong>Monika Nag\u00f3rko<\/strong>, Liceum Life Skills, Warszawa<\/h6>\n<\/li>\n<li>\n<h6><strong>Daria Najberg<\/strong>, Uniwersytet Komisji Edukacji Narodowej, Krak\u00f3w<\/h6>\n<\/li>\n<li>\n<h6><strong>Barbara Nawolska<\/strong>, Uniwersytet Komisji Edukacji Narodowej, Krak\u00f3w<\/h6>\n<\/li>\n<li>\n<h6><strong>Ewa Opolska<\/strong>, Open Future International High School, Krak\u00f3w<\/h6>\n<\/li>\n<li>\n<h6><strong>Agnieszka Orda<\/strong>, XII Liceum Og\u00f3lnokszta\u0142c\u0105ce w Krakowie<\/h6>\n<\/li>\n<li>\n<h6><strong>Beata Ordakowska-Szumska<\/strong>, Szko\u0142a Edukacji Polsko-Ameryka\u0144skiej Fundacji Wolno\u015bci i Uniwersytetu Warszawskiego<\/h6>\n<\/li>\n<li>\n<h6><strong>Monika Pajda<\/strong>, Szko\u0142a Podstawowa z OI nr 162 w Krakowie<\/h6>\n<\/li>\n<li>\n<h6><strong>Dorota Pawlaszek<\/strong>, Zesp\u00f3\u0142 Szkolno &#8211; Przedszkolny nr 25 we Wroc\u0142awiu<\/h6>\n<\/li>\n<li>\n<h6><strong>Maciej Pawlica<\/strong>, Liceum Og\u00f3lnokszta\u0142c\u0105ce nr XXVII im. dr. H. Jordana\u00a0w Krakowie<\/h6>\n<\/li>\n<li>\n<h6><strong>Piotr Paw\u0142owski<\/strong>, Uniwersytet Komisji Edukacji Narodowej, Krak\u00f3w<\/h6>\n<\/li>\n<li>\n<h6><strong>Agnieszka Perczak<\/strong>, RODN WOM Cz\u0119stochowa<\/h6>\n<\/li>\n<li>\n<h6><strong>Pawe\u0142 Perekietka<\/strong>, Muzeum Matematyki, Fundacja Zak\u0142ady K\u00f3rnickie, K\u00f3rnik<\/h6>\n<\/li>\n<li>\n<h6><strong>Joanna Politarczyk<\/strong>, VIII Liceum Og\u00f3lnokszta\u0142c\u0105ce im. W\u0142adys\u0142awa IV w Warszawie<\/h6>\n<\/li>\n<li>\n<h6><strong>Barbara Ptak<\/strong>, Szko\u0142a Podstawowa z OI nr 162 w Krakowie<\/h6>\n<\/li>\n<li>\n<h6><strong>Roman Rosiek<\/strong>, Uniwersytet Komisji Edukacji Narodowej, Krak\u00f3w<\/h6>\n<\/li>\n<li>\n<h6><strong>Bo\u017cena Ro\u017cek<\/strong>, Uniwersytet Komisji Edukacji Narodowej, Krak\u00f3w<\/h6>\n<\/li>\n<li>\n<h6><strong>Justyna Rubaj<\/strong>, Zesp\u00f3\u0142 Szk\u00f3\u0142 Nr 1 im. \u015aw. Rafa\u0142a Kalinowskiego w Krakowie<\/h6>\n<\/li>\n<li>\n<h6><strong>Miros\u0142awa Sajka<\/strong>, Uniwersytet Komisji Edukacji Narodowej, Krak\u00f3w<\/h6>\n<\/li>\n<li>\n<h6><strong>Katarzyna Siender-Fima<\/strong>, Zesp\u00f3\u0142 Szk\u00f3\u0142 Poligraficzno-Medialnych w Krakowie<\/h6>\n<\/li>\n<li>\n<h6><strong>Jacek Sta\u0144do<\/strong>, Politechnika \u0141\u00f3dzka<\/h6>\n<\/li>\n<li>\n<h6><strong>Halina Syguda<\/strong>, Szko\u0142a Podstawowa nr 47 w Szczecinie<\/h6>\n<\/li>\n<li>\n<h6><strong>Jerzy Szczepa\u0144ski<\/strong>, Uniwersytet Jagiello\u0144ski<\/h6>\n<\/li>\n<li>\n<h6><strong>Tomasz Szemberg<\/strong>, Uniwersytet Komisji Edukacji Narodowej, Krak\u00f3w<\/h6>\n<\/li>\n<li>\n<h6><strong>Tomasz Szwed<\/strong>, Akademia Nauk Stosowanych w Raciborzu<\/h6>\n<\/li>\n<li>\n<h6><strong>Edward Tutaj<\/strong>, Uniwersytet Jagiello\u0144ski (em.)<\/h6>\n<\/li>\n<li>\n<h6><strong>Joanna \u015awiercz<\/strong>, Uniwersytet Opolski, Stowarzyszenie Nauczycieli Matematyki<\/h6>\n<\/li>\n<li>\n<h6><strong>Grzegorz Urbanek<\/strong>, Uniwersytet Rzeszowski<\/h6>\n<\/li>\n<li>\n<h6><strong>El\u017cbieta Urba\u0144ska<\/strong>, Uniwersytet Komisji Edukacji Narodowej (em.)<\/h6>\n<\/li>\n<li>\n<h6><strong>Dariusz Wcis\u0142o<\/strong>, STO 64 w Krakowie<\/h6>\n<\/li>\n<li>\n<h6><strong>Anna Widur<\/strong>, Uniwersytet Jagiello\u0144ski (em.)<\/h6>\n<\/li>\n<li>\n<h6><strong>Lidia Wronkowska<\/strong>, Uniwersytet im. Adama Mickiewicza w Poznaniu<\/h6>\n<\/li>\n<li>\n<h6><strong>Szymon Zakrzyk<\/strong>, Odrabiamy.pl, Krak\u00f3w<\/h6>\n<\/li>\n<li>\n<h6><strong>Ma\u0142gorzata Zambrowska<\/strong>, Akademia Pedagogiki Specjalnej, Warszawa<\/h6>\n<\/li>\n<li>\n<h6><strong>Lidia Zar\u0119ba<\/strong>, Uniwersytet Komisji Edukacji Narodowej, Krak\u00f3w<\/h6>\n<\/li>\n<li>\n<h6><strong>Marcin Zieli\u0144ski<\/strong>, Uniwersytet Komisji Edukacji Narodowej, Krak\u00f3w<\/h6>\n<\/li>\n<li>\n<h6><strong>Anna K. \u017beromska<\/strong>, Akademia G\u00f3rniczo-Hutnicza,\u00a0Krak\u00f3w<\/h6>\n<\/li>\n<\/ol>\n","protected":false},"excerpt":{"rendered":"<p>Agata Arndt, Szko\u0142a Podstawowa nr 37 w Krakowie Barbara Bara\u0144ska, Uniwersytet Komisji Edukacji Narodowej, Krak\u00f3w Aleksandra Bartoszek, Szko\u0142a Podstawowa nr&hellip; <\/p>\n","protected":false},"author":2,"featured_media":0,"parent":0,"menu_order":0,"comment_status":"closed","ping_status":"closed","template":"","meta":{"footnotes":""},"class_list":["post-105","page","type-page","status-publish","hentry"],"_links":{"self":[{"href":"https:\/\/mt.uken.krakow.pl\/vii\/wp-json\/wp\/v2\/pages\/105","targetHints":{"allow":["GET"]}}],"collection":[{"href":"https:\/\/mt.uken.krakow.pl\/vii\/wp-json\/wp\/v2\/pages"}],"about":[{"href":"https:\/\/mt.uken.krakow.pl\/vii\/wp-json\/wp\/v2\/types\/page"}],"author":[{"embeddable":true,"href":"https:\/\/mt.uken.krakow.pl\/vii\/wp-json\/wp\/v2\/users\/2"}],"replies":[{"embeddable":true,"href":"https:\/\/mt.uken.krakow.pl\/vii\/wp-json\/wp\/v2\/comments?post=105"}],"version-history":[{"count":73,"href":"https:\/\/mt.uken.krakow.pl\/vii\/wp-json\/wp\/v2\/pages\/105\/revisions"}],"predecessor-version":[{"id":798,"href":"https:\/\/mt.uken.krakow.pl\/vii\/wp-json\/wp\/v2\/pages\/105\/revisions\/798"}],"wp:attachment":[{"href":"https:\/\/mt.uken.krakow.pl\/vii\/wp-json\/wp\/v2\/media?parent=105"}],"curies":[{"name":"wp","href":"https:\/\/api.w.org\/{rel}","templated":true}]}}