{"id":6,"date":"2023-06-21T15:25:18","date_gmt":"2023-06-21T13:25:18","guid":{"rendered":"https:\/\/mt.up.krakow.pl\/vi\/?page_id=6"},"modified":"2024-03-05T09:36:47","modified_gmt":"2024-03-05T08:36:47","slug":"glowna","status":"publish","type":"page","link":"https:\/\/mt.uken.krakow.pl\/vi\/glowna\/","title":{"rendered":"Strona g\u0142\u00f3wna"},"content":{"rendered":"<p>Mamy przyjemno\u015b\u0107 zaprosi\u0107 Pa\u0144stwa do udzia\u0142u w <strong>VI Interdyscyplinarnej Konferencji Naukowej Transgresje Matematyczne<\/strong>, organizowanej przez Instytut Matematyki Uniwersytetu Komisji Edukacji Narodowej w Krakowie. Konferencja odb\u0119dzie si\u0119 w Krakowie w dniach <strong>3-6 czerwca 2024 roku<\/strong>.<\/p>\n<p>Tegoroczna edycja konferencji odb\u0119dzie si\u0119 w formie hybrydowej:<\/p>\n<p><strong>3 \u2013 4 czerwca 2024 \u2013 <\/strong>cz\u0119\u015b\u0107 mi\u0119dzynarodowa, wszystkie sesje on-line (j\u0119zyk obrad: angielski)<\/p>\n<p><strong>5 \u2013 6 czerwca 2024<\/strong> \u2013 cz\u0119\u015b\u0107 krajowa, wszystkie sesje stacjonarne w budynku UKEN w Krakowie (j\u0119zyk konferencji: polski)<\/p>\n<p>Zamierzamy ponownie przekroczy\u0107 granice matematyki i przyjrze\u0107 si\u0119 zagadnieniom zwi\u0105zanym z\u00a0matematyk\u0105 i jej nauczaniem. Do udzia\u0142u w konferencji zapraszamy niezmiennie dydaktyk\u00f3w i nauczycieli matematyki oraz przedstawicieli dyscyplin naukowych takich jak filozofia, psychologia i pedagogika, kt\u00f3rzy zainteresowani s\u0105 edukacj\u0105 matematyczn\u0105.<\/p>\n<p>Zapraszamy wszystkich uczestnik\u00f3w do przedstawienia w\u0142asnego rozumienia terminu <em>transgresja<\/em> w odniesieniu do matematyki, jej historii, filozofii i nauczania.<\/p>\n<p>Proponujemy nast\u0119puj\u0105ce obszary tematyczne konferencji, ale zach\u0119camy do rozszerzenia i wzbogacenia tej listy:<\/p>\n<ul>\n<li>Transgresje w historii i filozofii matematyki i ich znaczenie dla edukacji matematycznej,<\/li>\n<li>Psychologiczne transgresje w nauczaniu i uczeniu si\u0119 matematyki,<\/li>\n<li>Filozofia praktyki matematycznej,<\/li>\n<li>Niekonwencjonalne podej\u015bcia do nauczania matematyki,<\/li>\n<li>Edukacja STEM.<\/li>\n<\/ul>\n","protected":false},"excerpt":{"rendered":"<p>Mamy przyjemno\u015b\u0107 zaprosi\u0107 Pa\u0144stwa do udzia\u0142u w VI Interdyscyplinarnej Konferencji Naukowej Transgresje Matematyczne, organizowanej przez Instytut Matematyki Uniwersytetu Komisji Edukacji&hellip; <\/p>\n","protected":false},"author":2,"featured_media":0,"parent":0,"menu_order":0,"comment_status":"closed","ping_status":"closed","template":"","meta":{"footnotes":""},"class_list":["post-6","page","type-page","status-publish","hentry"],"_links":{"self":[{"href":"https:\/\/mt.uken.krakow.pl\/vi\/wp-json\/wp\/v2\/pages\/6","targetHints":{"allow":["GET"]}}],"collection":[{"href":"https:\/\/mt.uken.krakow.pl\/vi\/wp-json\/wp\/v2\/pages"}],"about":[{"href":"https:\/\/mt.uken.krakow.pl\/vi\/wp-json\/wp\/v2\/types\/page"}],"author":[{"embeddable":true,"href":"https:\/\/mt.uken.krakow.pl\/vi\/wp-json\/wp\/v2\/users\/2"}],"replies":[{"embeddable":true,"href":"https:\/\/mt.uken.krakow.pl\/vi\/wp-json\/wp\/v2\/comments?post=6"}],"version-history":[{"count":8,"href":"https:\/\/mt.uken.krakow.pl\/vi\/wp-json\/wp\/v2\/pages\/6\/revisions"}],"predecessor-version":[{"id":117,"href":"https:\/\/mt.uken.krakow.pl\/vi\/wp-json\/wp\/v2\/pages\/6\/revisions\/117"}],"wp:attachment":[{"href":"https:\/\/mt.uken.krakow.pl\/vi\/wp-json\/wp\/v2\/media?parent=6"}],"curies":[{"name":"wp","href":"https:\/\/api.w.org\/{rel}","templated":true}]}}

Strona główna

<p>Mamy przyjemność zaprosić Państwa do udziału w <strong>VI Interdyscyplinarnej Konferencji Naukowej Transgresje Matematyczne</strong>, organizowanej przez Instytut Matematyki Uniwersytetu Komisji Edukacji Narodowej w Krakowie. Konferencja odbędzie się w Krakowie w dniach <strong>3-6 czerwca 2024 roku</strong>.</p>
<p>Tegoroczna edycja konferencji odbędzie się w formie hybrydowej:</p>
<p><strong>3 – 4 czerwca 2024 – </strong>część międzynarodowa, wszystkie sesje on-line (język obrad: angielski)</p>
<p><strong>5 – 6 czerwca 2024</strong> – część krajowa, wszystkie sesje stacjonarne w budynku UKEN w Krakowie (język konferencji: polski)</p>
<p>Zamierzamy ponownie przekroczyć granice matematyki i przyjrzeć się zagadnieniom związanym z matematyką i jej nauczaniem. Do udziału w konferencji zapraszamy niezmiennie dydaktyków i nauczycieli matematyki oraz przedstawicieli dyscyplin naukowych takich jak filozofia, psychologia i pedagogika, którzy zainteresowani są edukacją matematyczną.</p>
<p>Zapraszamy wszystkich uczestników do przedstawienia własnego rozumienia terminu <em>transgresja</em> w odniesieniu do matematyki, jej historii, filozofii i nauczania.</p>
<p>Proponujemy następujące obszary tematyczne konferencji, ale zachęcamy do rozszerzenia i wzbogacenia tej listy:</p>
<ul>
<li>Transgresje w historii i filozofii matematyki i ich znaczenie dla edukacji matematycznej,</li>
<li>Psychologiczne transgresje w nauczaniu i uczeniu się matematyki,</li>
<li>Filozofia praktyki matematycznej,</li>
<li>Niekonwencjonalne podejścia do nauczania matematyki,</li>
<li>Edukacja STEM.</li>
</ul>

<p>Mamy przyjemność zaprosić Państwa do udziału w VI Interdyscyplinarnej Konferencji Naukowej Transgresje Matematyczne, organizowanej przez Instytut Matematyki Uniwersytetu Komisji Edukacji&hellip; </p>
